is divided by 45.
42
Calculate the remainder when 22960 is divided by 223.
214
Calculate the remainder when 6335 is divided by 118.
81
Calculate the remainder when 97477 is divided by 61.
60
Calculate the remainder when 33031 is divided by 2607.
1747
What is the remainder when 6309 is divided by 179?
44
Calculate the remainder when 9549 is divided by 65.
59
What is the remainder when 3516 is divided by 442?
422
What is the remainder when 110093 is divided by 1159?
1147
What is the remainder when 78 is divided by 24?
6
Calculate the remainder when 1255 is divided by 400.
55
Calculate the remainder when 808930 is divided by 8171.
1
Calculate the remainder when 8448 is divided by 2289.
1581
What is the remainder when 51619 is divided by 1780?
1779
Calculate the remainder when 184890 is divided by 30807.
48
Calculate the remainder when 580148 is divided by 82.
80
Calculate the remainder when 103543 is divided by 135.
133
What is the remainder when 13969 is divided by 127?
126
What is the remainder when 482396 is divided by 142?
22
What is the remainder when 420412 is divided by 1730?
22
Calculate the remainder when 24565 is divided by 21.
16
What is the remainder when 2389500 is divided by 26?
22
Calculate the remainder when 10222 is divided by 2151.
1618
Calculate the remainder when 475 is divided by 379.
96
What is the remainder when 3068 is divided by 608?
28
Calculate the remainder when 4597 is divided by 1148.
5
Calculate the remainder when 522375 is divided by 522374.
1
What is the remainder when 2571 is divided by 1275?
21
Calculate the remainder when 238982 is divided by 12.
2
What is the remainder when 1055 is divided by 209?
10
What is the remainder when 1576 is divided by 1547?
29
Calculate the remainder when 4966 is divided by 4.
2
Calculate the remainder when 167847 is divided by 533.
485
Calculate the remainder when 4521 is divided by 75.
21
What is the remainder when 5361 is divided by 1734?
159
Calculate the remainder when 2413 is divided by 539.
257
What is the remainder when 181095 is divided by 41?
39
What is the remainder when 95717 is divided by 11?
6
Calculate the remainder when 5452 is divided by 237.
1
Calculate the remainder when 762570 is divided by 254190.
0
Calculate the remainder when 59327 is divided by 4942.
23
What is the remainder when 14473 is divided by 467?
463
What is the remainder when 35757 is divided by 22?
7
Calculate the remainder when 773 is divided by 7.
3
Calculate the remainder when 87078 is divided by 492.
486
Calculate the remainder when 207446 is divided by 461.
457
Calculate the remainder when 4893 is divided by 84.
21
What is the remainder when 12415 is divided by 248?
15
What is the remainder when 9391 is divided by 246?
43
Calculate the remainder when 281444 is divided by 242.
240
Calculate the remainder when 28866 is divided by 41.
2
Calculate the remainder when 667 is divided by 70.
37
What is the remainder when 30779 is divided by 131?
125
What is the remainder when 810608 is divided by 743?
738
What is the remainder when 17795 is divided by 711?
20
Calculate the remainder when 9357 is divided by 90.
87
Calculate the remainder when 4828 is divided by 93.
85
Calculate the remainder when 283655 is divided by 3260.
35
Calculate the remainder when 8154 is divided by 12.
6
Calculate the remainder when 1027 is divided by 46.
15
What is the remainder when 2248 is divided by 874?
500
Calculate the remainder when 34450 is divided by 392.
346
What is the remainder when 7293 is divided by 64?
61
Calculate the remainder when 1110 is divided by 301.
207
Calculate the remainder when 3363 is divided by 1658.
47
What is the remainder when 10792 is divided by 150?
142
Calculate the remainder when 28498 is divided by 53.
37
What is the remainder when 63722 is divided by 31?
17
What is the remainder when 22271 is divided by 306?
239
What is the remainder when 5395 is divided by 759?
82
What is the remainder when 5275 is divided by 22?
17
What is the remainder when 40195 is divided by 25?
20
Calculate the remainder when 2914 is divided by 324.
322
Calculate the remainder when 3738 is divided by 48.
42
Calculate the remainder when 38895 is divided by 140.
115
What is the remainder when 36040 is divided by 6?
4
What is the remainder when 7601 is divided by 2519?
44
What is the remainder when 13945 is divided by 171?
94
What is the remainder when 144039 is divided by 160?
39
Calculate the remainder when 16540 is divided by 145.
10
Calculate the remainder when 396742 is divided by 366.
364
Calculate the remainder when 431 is divided by 107.
3
What is the remainder when 1013 is divided by 324?
41
What is the remainder when 702317 is divided by 38?
1
What is the remainder when 59172 is divided by 363?
3
Calculate the remainder when 207419 is divided by 149.
11
Calculate the remainder when 3016 is divided by 2457.
559
What is the remainder when 13228 is divided by 57?
4
What is the remainder when 2029579 is divided by 190?
189
What is the remainder when 2237 is divided by 33?
26
Calculate the remainder when 8175 is divided by 1635.
0
What is the remainder when 1413090 is divided by 823?
822
Calculate the remainder when 1006 is divided by 873.
133
Calculate the remainder when 10042571 is divided by 293.
289
Calculate the remainder when 385196 is divided by 9.
5
What is the remainder when 185531 is divided by 18?
5
What is the remainder when 33180 is divided by 33112?
68
What is the remainder when 5671 is divided by 237?
220
Calculate the remainder when 606398 is divided by 8.
6
Calculate the remainder when 531134 is divided by 407.
406
What is the remainder when 27624 is divided by 307?
301
Calculate the remainder when 6961 is divided by 118.
117
Calculate the remainder when 18540 is divided by 534.
384
Calculate the remainder when 5972 is divided by 5902.
70
Calculate the remainder when 3776 is divided by 181.
156
What is the remainder when 89199 is divided by 79?
8
What is the remainder when 823715 is divided by 18?
17
What is the remainder when 49157 is divided by 945?
17
Calculate the remainder when 636342 is divided by 819.
798
Calculate the remainder when 26367 is divided by 1315.
67
What is the remainder when 121473 is divided by 42?
9
What is the remainder when 17830 is divided by 8906?
18
Calculate the remainder when 58482 is divided by 603.
594
What is the remainder when 10686 is divided by 3548?
42
What is the remainder when 15130 is divided by 633?
571
Calculate the remainder when 22496 is divided by 1070.
26
Calculate the remainder when 226887 is divided by 45.
42
Calculate the remainder when 197112 is divided by 388.
8
Calculate the remainder when 61281 is divided by 30638.
5
Calculate the remainder when 197477 is divided by 116.
45
Calculate the remainder when 1210331 is divided by 1047.
1046
Calculate the remainder when 778 is divided by 66.
52
Calculate the remainder when 64127 is divided by 782.
3
What is the remainder when 43605 is divided by 252?
9
What is the remainder when 2519 is divided by 213?
176
Calculate the remainder when 14082 is divided by 3503.
70
What is the remainder when 19522 is divided by 3219?
208
Calculate the remainder when 742882 is divided by 12.
10
Calculate the remainder when 1568 is divided by 1488.
80
What is the remainder when 52666 is divided by 66?
64
What is the remainder when 255426 is divided by 28?
10
Calculate the remainder when 1296718 is divided by 12.
10
What is the remainder when 226 is divided by 13?
5
Calculate the remainder when 9536 is divided by 1774.
666
What is the remainder when 19808 is divided by 898?
52
Calculate the remainder when 1198 is divided by 246.
214
Calculate the remainder when 9506 is divided by 2376.
2
Calculate the remainder when 5686 is divided by 1572.
970
Calculate the remainder when 1891 is divided by 252.
127
What is the remainder when 397807 is divided by 27?
16
Calculate the remainder when 43672 is divided by 4359.
82
Calculate the remainder when 4067 is divided by 542.
273
What is the remainder when 32614 is divided by 8150?
14
Calculate the remainder when 5224 is divided by 1274.
128
Calculate the remainder when 39696 is divided by 99.
96
Calculate the remainder when 4334 is divided by 85.
84
What is the remainder when 32915 